 Suppose 0*z = -4*z - 8. Determine s(z).
6
Let f be (-6)/15 + (-78)/5. Let r be 94/16 + (-2)/f. Let a(t) = t + 4 - 5 - 2. What is a(r)?
3
Let i = -4 - -7. Let m(k) = k**3 - 5*k**2 - 7*k + 3*k**3 - 3*k**3 - 2 + 0*k**i. What is m(6)?
-8
Let l(w) = w + 2. Let h be 4 - (14 - (4 - -1)). What is l(h)?
-3
Let l(j) = -2*j**2 + 7*j - 6. Let d(s) = -3*s**3 + 2*s**2 + s. Let z be d(-1). Give l(z).
-10
Let l(z) = -2*z + 5. Suppose h = -4*k + 26, h - 4*k = 4*h - 38. Suppose 2 = 2*a - h. Calculate l(a).
-3
Let w be 1015/28 + 2/(-8). Suppose 9*a = -5*n + 4*a + 5, -4*a + w = -4*n. Let v(l) = -l**3 - 3*l**2 + 3*l + 3. Determine v(n).
7
Let p(u) = 2*u. Suppose -15 = -3*l, l + 3 = m - 0*m. Suppose 2*x - 2*h - m = 2, -h - 23 = -4*x. Give p(x).
12
Let r(b) = -b + 237 + 10*b**2 - 7*b - 226 - 2*b - b**3. Determine r(9).
2
Let k(s) = -s - 2. Let d be k(-4). Let r(i) = i + 1. Let l(q) = -3*q + 4. Let m(p) = d*r(p) + l(p). Let j = -105 + 109. Calculate m(j).
2
Let i(m) = -2*m - 6. Let j be i(-4). Suppose 0 = -j*s - 1 + 7. Let a(w) be the third derivative of -w**5/30 + w**4/8 + w**3/3 + 10*w**2. What is a(s)?
-7
Suppose -2*m - c = 3*c - 4, -m = 4*c. Let g(u) = -7*u - 17. Let f(k) = 5 + 3*k + 3 + 0. Let l(h) = -9*f(h) - 4*g(h). What is l(m)?
0
Let d(b) = -b**3 - 3*b**2 - 3*b - 3. Let l = 9 + -4. Suppose 4 = 4*u, 2*u + 13 = -l*y - 0*u. Determine d(y).
6
Let j be ((-2)/(-6))/((-2)/6). Let s(u) = -u**2 - 2*u - 5. Let m(d) = 5 - 2 - 4. Let x(c) = 4*m(c) - s(c). What is x(j)?
0
Let y be 36/7 - 2/14. Let q(d) = -3*d + y*d - 3*d - 7. Let g be (-3 + 1)/((-2)/(-3)). Calculate q(g).
-4
Let f(y) = 7 - 4 - 6*y**3 - 4*y + y**2 + 2*y**3 + 3*y**3. Determine f(2).
-9
Let n(q) = -4*q**3 + q**2 - 2*q + 1. Let y be n(1). Let w(x) be the second derivative of x**4/12 + 2*x**3/3 + 3*x**2 - 2*x. What is w(y)?
6
Let z be ((-9)/18)/((-2)/(-20)). Let x(t) be the third derivative of t**6/120 + t**5/10 + t**4/4 + 2*t**3/3 + 2*t**2. What is x(z)?
-1
Let d(m) = -m**3 + 5*m**2 - 3*m - 3. Let r = 70 - 67. Determine d(r).
6
Let m(s) = s**2 - 2*s. Let c be ((-3)/(-6))/(2/16). Give m(c).
8
Let b(l) = -l**3 - 5*l**2 - 7*l - 1. Let r be b(-3). Let a(z) = z**2 - 3*z + 2. Calculate a(r).
0
Suppose -40 + 0 = -4*o. Let f be (-64)/(-10) - 4/o. Let y(h) = 2*h - 7. Calculate y(f).
5
Suppose 0 = -2*w - 3 - 3. Let y(d) = -7*d - 1. Let j(z) = -2*z. Let h(v) = j(v) - y(v). Give h(w).
-14
Let a(v) = v**3 + 4*v**2 + v - 1. Let x be a(-4). Let r(y) = y**2 + 6*y - 7. Determine r(x).
-12
Let v be (2/3)/(10/(-15)). Let u be -1 - (-2 + (-2)/v). Let c(f) be the first derivative of f**3/3 - f + 1. What is c(u)?
0
Let d = 0 - 0. Let n(p) = d + 2*p - 1 + 0 + 2*p. Calculate n(3).
11
Let n = 9 + -7. Suppose -3*a - 25 = -n*k, -2*k + 40 = -5*a + k. Let b(o) = o**3 + 4*o**2 - 5*o + 2. Give b(a).
2
Suppose -4*k + 4*y = -8, y = -k + 4*y + 12. Let w(p) = -6*p + 1. Let s(q) = q. Let z be (-12)/6*(-2)/4. Let n(c) = z*w(c) + 5*s(c). Give n(k).
4
Let k(x) = -x**3 - 3*x**2 + 5*x + 3. Suppose -4 = -m - 4*g, -5*m - 22 = -3*g + 2*g. Determine k(m).
-1
Let r(t) = t**2 + 5*t + 7. Suppose 5*d + 33 = 8. Calculate r(d).
7
Let g(z) be the third derivative of -z**6/120 + z**4/24 - z**3/6 + 11*z**2. Let w(u) = -u - 4. Let t be w(-3). Let v be (t + 4)/(9/6). What is g(v)?
-7
Let b(t) = -t**2 - t - 4. Let x = -1 + 4. Suppose x = h + 6. Let n be 0*(3/(-1))/h. What is b(n)?
-4
Suppose 0*a + 3*a = 0. Let b(n) = -n**3 + n**2 + n - 4. What is b(a)?
-4
Suppose 3*k - 15 = -3*u, 39 = 5*u - 5*k + 3*k. Let v(z) = -z**2 + 6*z + 8. Give v(u).
1
Let y(k) = k - 2. Let u be y(1). Let t = -5 + u. Let w be ((-20)/t)/(6/9). Let a(f) = -f**3 + 6*f**2 - 5*f - 1. Give a(w).
-1
Let r(f) be the third derivative of -1/40*f**6 + 0*f - 1/24*f**4 - 2*f**2 - 1/6*f**3 + 0 - 1/60*f**5. Suppose 0 = -4*c - 2 - 2. What is r(c)?
2
Let o(v) = -v**3 + 2*v**2 - v. Let i(j) = j**2 - j - 28. Let z be i(-5). Give o(z).
-2
Let d(m) = m**2 - 3*m - 10. Let w be d(5). Let n(i) = 11*i - 36. Let v(b) = 4*b - 12. Let q(u) = 3*n(u) - 8*v(u). Give q(w).
-12
Let j(w) = -w**2 - 8*w + 15. Let n be j(-9). Let k(u) = 2*u - 8. Give k(n).
4
Let c be (2/6)/((-7)/(-63)). Let w(v) = -3*v**3 + 0*v + 3*v**2 + 2*v**2 + 4*v**c + v - 2. Calculate w(-5).
-7
Let k = 25 - 25. Let u(v) = 7*v + k + v**2 - 5 + 12. Give u(-6).
1
Let n(t) = 2*t**2 - 2*t + 3. Let s(h) = h + 1. Let m be s(1). What is n(m)?
7
Let r(b) = -3*b - 2 - b + 6*b. Let w(k) = k**2 - 4*k - 7. Let a be w(6). Give r(a).
8
Let x(j) = -10*j**3 - 2*j**2 + 1. Suppose 6 = 2*h + 4. Calculate x(h).
-11
Let p(k) = k**3 - 3*k**2 - 3*k - 1. Let l(i) = i**3 + 7*i**2 + 4. Let x be l(-7). What is p(x)?
3
Let l(h) = -13 - 4*h + 5 + 7*h**2 - 5*h**2 - h**3 + 5*h**2. Give l(6).
4
Let q be -3*(-1)/1 + -12. Let v be (-8)/(-3) + (-3)/q. Let y(w) = 2 - 2 - 2*w + 4*w**2 - 1 - 1 - 2*w**v. Determine y(2).
-6
Let o(c) = 7*c**3 + 8*c**2 - c + 9. Let v(k) = 6*k**3 + 7*k**2 - k + 8. Let i(s) = 5*o(s) - 6*v(s). Let z = -8 - -5. Give i(z).
3
Suppose -6 = -2*j + 4. Let m(g) = -1 - 8*g**2 + 0 + 2*g + j*g**2. What is m(1)?
-2
Suppose -10 = 22*v - 27*v. Let j(k) = -2*k + k**3 - 1 - k**2 - 5*k**v + 8*k**2. Determine j(-2).
3
Let v(y) = -y**2 - 9*y - 2. Let l be v(-9). Let t(x) = -x**2 - 3 - x**3 + 2 + 0*x**2 - x. Give t(l).
5
Let m(b) be the third derivative of -b**6/720 + 3*b**4/8 + 4*b**2. Let x(g) be the second derivative of m(g). Give x(6).
-6
Let q(l) = -l**2 + 7*l + 1. Let p(z) = 2*z**2 + 17*z + 11. Let y be 12*(8/6)/(-2). Let u be p(y). Give q(u).
13
Let r = -5 - -8. Suppose 0 = -3*k - r*y - 36, -2*k - 16 = k - 2*y. Let i = k + 10. Let w(t) = t**2 - 5*t + 1. Determine w(i).
-5
Let q be (22 + 4)*1/1. Suppose -22 = 4*j - c, 4*c - q = 5*j + 2*c. Let g(k) = k + 11. What is g(j)?
5
Let w(i) be the third derivative of -i**4/12 + i**3/6 + 5*i**2. What is w(3)?
-5
Let k(y) = -y + 16. Let m = 82 - 82. Calculate k(m).
16
Let z(h) = -2*h + 2. Suppose 2*j - 2*x + 4 = 0, 5*x - 20 = 5. Suppose -2*i - j*i - 45 = -4*s, -3*i = -2*s + 25. Suppose s*g + 1 = -9. Determine z(g).
6
Let n = 59 - 38. Let c(g) = -41*g + g**3 + 15*g + n*g + 4*g**2 - 3. What is c(-5)?
-3
Let j be (-6)/4*2/(-18). Let q(b) be the second derivative of 1/20*b**5 + 0 - j*b**3 + 2*b**2 + 1/12*b**4 - 2*b. Calculate q(0).
4
Let b(t) = 2*t + 5. Let k(v) = -2*v - 5. Let q(g) = -4*b(g) - 5*k(g). What is q(-4)?
-3
Let d(p) = p**3 + p**2 - p - 1. Let c(f) = f**3 + 2*f**2 + 2*f + 1. Let v(l) = c(l) - 2*d(l). Determine v(-2).
3
Suppose 2*t = -0*t. Let q(d) be the second derivative of 1/6*d**3 + t + d - 2*d**2. Give q(4).
0
Let u be (33/9*3)/1. Let p(s) = 0*s + s**2 + 0 + 1 + 2*s - u*s. Give p(8).
-7
Suppose 7 + 11 = 6*k. Let i(d) = 16*d**3 - 21*d**2 - 20*d + 20. Let v(b) = 3*b**3 - 4*b**2 - 4*b + 4. Let j(w) = -2*i(w) + 11*v(w). Calculate j(k).
1
Let c(u) = 3*u**2 + 4*u - 3. Let i(q) = 4*q**2 + 3*q - 4. Let b(d) = 3*c(d) - 2*i(d). Give b(-4).
-9
Let r(m) = 0*m**3 + m**3 + 6 + m**2 - 4*m**2 - 6*m. Suppose 5*c + 40 = 5*u, 0 = -88*u + 83*u + 4*c + 36. Give r(u).
-2
Let j(w) be the first derivative of w**4/4 + w**3/3 - w**2/2 - w + 1. Let h(q) = -6*q**3 - 11*q**2 - 2*q + 7. Let b(g) = -h(g) - 5*j(g). Give b(-5).
-12
Let r(w) = w + 0*w**2 - 2*w - 4*w**2. Let k be r(1). Let l(o) = -324*o**2 - 6 + 4*o + 0*o + 320*o**2 - o**3. What is l(k)?
-1
Let x(m) = m**2 + 10*m + 6. Let g = -37 + 30. Give x(g).
-15
Let s be 1*1/3*15. Let m(d) = -d + 6. Calculate m(s).
1
Let h(r) = r**2 - 2. Let t be h(-2). Let s(f) = -2*f**t - f - 2 + 1 + 0*f. Suppose -2*i = -3*q - 0*q + 4, 5*i = -25. Calculate s(q).
-7
Let h(u) = 16*u + 16. Let v(k) = -3*k - 3. Let n(s) = -2*h(s) - 11*v(s). Let g be n(3). Let f(p) = -p**3 + 5*p**2 - 4*p - 5. What is f(g)?
-5
Let q = 65 + -65. Let z(p) be the second derivative of -2*p + 5/12*p**4 + 1/20*p**5 + 1/6*p**3 + q + 3*p**2. Calculate z(-5).
1
Let t(l) be the second derivative of l**3/6 - 4*l**2 + 10*l. Give t(0).
-8
Let c(g) = -g**3 - 4*g**2 + 6*g + 3. Let o = -7 - -2. Give c(o).
-2
Let z = -22 - -32. Suppose z = 3*j + 25. Let k(x) be the first derivative of x**2/2 + 4*x - 1. Give k(j).
-1
Let g(r) = 2*r**2 + r + 2. Let u be (0 - 1)*(3 + 2). Let t = u + 2. Let q(d) = 5*d**2 + 2*d + 5. Let z(a) = t*q(a) + 7*g(a). What is z(1)?
-1
Let m(q) = -q + 8. Let u be m(5). Let h(p) = p + 4. What is h(u)?
7
Let i(m) = 15*m + 2*m**2 - 2 + 0*m*